{"id":16958,"date":"2024-08-04T11:12:47","date_gmt":"2024-08-04T09:12:47","guid":{"rendered":"https:\/\/lesclefsdambleteuse.fr\/?page_id=16958"},"modified":"2024-08-04T11:21:16","modified_gmt":"2024-08-04T09:21:16","slug":"mentions-legales","status":"publish","type":"page","link":"https:\/\/lesclefsdambleteuse.fr\/?page_id=16958","title":{"rendered":"Mentions l\u00e9gales"},"content":{"rendered":"\t\t<div data-elementor-type=\"wp-page\" data-elementor-id=\"16958\" class=\"elementor elementor-16958\">\n\t\t\t\t<div class=\"elementor-element elementor-element-df799db e-flex e-con-boxed e-con e-parent\" data-id=\"df799db\" data-element_type=\"container\">\n\t\t\t\t\t<div class=\"e-con-inner\">\n\t\t\t\t<div class=\"elementor-element elementor-element-85d6467 elementor-widget elementor-widget-text-editor\" data-id=\"85d6467\" data-element_type=\"widget\" data-widget_type=\"text-editor.default\">\n\t\t\t\t<div class=\"elementor-widget-container\">\n\t\t\t<style>\/*! elementor - v3.21.0 - 22-05-2024 *\/\n.elementor-widget-text-editor.elementor-drop-cap-view-stacked .elementor-drop-cap{background-color:#69727d;color:#fff}.elementor-widget-text-editor.elementor-drop-cap-view-framed .elementor-drop-cap{color:#69727d;border:3px solid;background-color:transparent}.elementor-widget-text-editor:not(.elementor-drop-cap-view-default) .elementor-drop-cap{margin-top:8px}.elementor-widget-text-editor:not(.elementor-drop-cap-view-default) .elementor-drop-cap-letter{width:1em;height:1em}.elementor-widget-text-editor .elementor-drop-cap{float:left;text-align:center;line-height:1;font-size:50px}.elementor-widget-text-editor .elementor-drop-cap-letter{display:inline-block}<\/style>\t\t\t\t<p>Le site web www.lesclefsdambleteuse.fr est la propri\u00e9t\u00e9 de lesclefsdambleteuse (Siren \/siret 837886522)<br \/><br \/><strong>Si\u00e8ge Social<\/strong> : 51 b rue d&#8217;Aubengue 62164 Ambleteuse<br \/><br \/><strong>Tel.<\/strong> : 0621254577<br \/><br \/><strong>Email<\/strong> : conciergerie.ambleteuse@gmail.com<br \/><br \/><strong>Responsable de la publication<\/strong> : les clefs d&#8217;Ambleteuse<br \/><br \/><strong>Cr\u00e9ateur et h\u00e9bergement du site :<\/strong><br \/>OVH<br \/><br \/><strong>Modifications<\/strong><br \/>En acc\u00e9dant et en naviguant sur ce site, l&#8217;utilisateur est inform\u00e9 de ses droits et obligations et accepte pleinement de se conformer aux pr\u00e9sentes conditions d&#8217;utilisations du site. L&#8217;\u00e9diteur du site se r\u00e9serve la possibilit\u00e9 de modifier ces conditions. Il appartient \u00e0 l&#8217;utilisateur de v\u00e9rifier p\u00e9riodiquement le contenu des documents concern\u00e9s. L&#8217;\u00e9diteur se r\u00e9serve la possibilit\u00e9 de supprimer ou de modifier en tout ou partie le \u00ab site \u00bb.<br \/><br \/><strong>Responsabilit\u00e9s &#8220;www.lesclefsdambleteuse.fr&#8221;<\/strong><br \/>L&#8217;\u00e9diteur du site www.lesclefsdambleteuse.fr met tout en \u0153uvre pour assurer l&#8217;exactitude et la mise \u00e0 jour de l&#8217;ensemble des informations fournies sur son site.<br \/>Il ne peut garantir que les informations contenues sur le site soient compl\u00e8tes, pr\u00e9cises, exactes, exhaustives et d\u00e9pourvues de toute erreur.<br \/>www.lesclefsdambleteuse.fr s&#8217;engage, d\u00e8s qu&#8217;un utilisateur quelconque transmet toute erreur constat\u00e9e aux coordonn\u00e9es ci-dessus, \u00e0 proc\u00e9der \u00e0 la correction dans les plus brefs d\u00e9lais.<br \/><br \/><strong>Accessibilit\u00e9<\/strong><br \/>Le site est par principe accessible aux utilisateurs 24\/24h et 7\/7j, sauf interruption, programm\u00e9e ou non, pour des besoins de maintenance ou en cas de force majeure.<br \/>En cas d&#8217;indisponibilit\u00e9 d&#8217;acc\u00e8s au site, celui-ci s&#8217;engage \u00e0 faire son maximum afin de r\u00e9tablir l&#8217;acc\u00e8s.<br \/>Le site ne saurait \u00eatre tenu pour responsable de tout dommage, quelle qu&#8217;en soit la nature, r\u00e9sultant de son indisponibilit\u00e9.<br \/><br \/><strong>Collecte de donn\u00e9es et Loi Informatiques et Libert\u00e9s<\/strong><br \/>En conformit\u00e9 avec la loi du 6 janvier 1978 relative \u00e0 l&#8217;informatique, aux fichiers, aux libert\u00e9s, le traitement automatis\u00e9 des donn\u00e9es nominatives r\u00e9alis\u00e9 \u00e0 partir du Site Internet www.lesclefsdambleteuse.fr a fait l&#8217;objet d&#8217;une d\u00e9claration\u00a0 aupr\u00e8s de la Commission Nationale de l&#8217;Informatique et des Libert\u00e9s (CNIL).<br \/><br \/>Conform\u00e9ment \u00e0 la loi n\u00b0 78-17 du 6 janvier 1978, l&#8217;utilisateur peut \u00e0 tout moment acc\u00e9der aux informations personnelles le concernant d\u00e9tenues par www.lesclefsdambleteuse.fr, demander leur modification ou leur suppression. Ainsi, selon les articles 36, 39 et 40 de la loi Informatique et Libert\u00e9s, l\u2019utilisateur peut demander que soient rectifi\u00e9es, compl\u00e9t\u00e9es, clarifi\u00e9es, mises \u00e0 jour ou effac\u00e9es les informations le concernant qui sont inexactes, incompl\u00e8tes, \u00e9quivoques, p\u00e9rim\u00e9es ou dont la collecte ou l&#8217;utilisation, la communication ou la conservation sont interdites.<br \/>Si vous souhaitez exercer ce droit et obtenir communication des informations vous concernant,<br \/>veuillez-vous adresser<\/p><ul><li>par courrier \u00e0 51 b rue d&#8217;Aubengue 621164 Ambleteuse.<\/li><li>par email \u00e0 conciergerie.ambleteuse@gmail.com<\/li><li>Vous pouvez \u00e9galement, pour des motifs l\u00e9gitimes, vous opposer au traitement des donn\u00e9es vous concernant. Nous nous engageons \u00e0 prendre toutes pr\u00e9cautions afin de pr\u00e9server la s\u00e9curit\u00e9 de ces informations et notamment emp\u00eacher qu&#8217;elles ne soient d\u00e9form\u00e9es, endommag\u00e9es ou communiqu\u00e9es \u00e0 des tiers.<\/li><\/ul><p>A la cl\u00f4ture du compte et \u00e0 toutes fins de preuve, des donn\u00e9es concernant l&#8217;utilisateur peuvent \u00eatre conserv\u00e9es et archiv\u00e9es confidentiellement par www.lesclefsdambleteuse.fr selon les lois en vigueur.<br \/>Afin d&#8217;am\u00e9liorer la qualit\u00e9 de son service et de mieux r\u00e9pondre aux attentes de ses utilisateurs, www.lesclefsdambleteuse.fr pourra \u00eatre amen\u00e9 \u00e0 collecter des donn\u00e9es nominatives sur l&#8217;utilisateur, notamment par l&#8217;utilisation de marqueurs (cookies).<\/p>\t\t\t\t\t\t<\/div>\n\t\t\t\t<\/div>\n\t\t\t\t\t<\/div>\n\t\t\t\t<\/div>\n\t\t\t\t<\/div>\n\t\t","protected":false},"excerpt":{"rendered":"<p>Le site web www.lesclefsdambleteuse.fr est la propri\u00e9t\u00e9 de lesclefsdambleteuse (Siren \/siret 837886522) Si\u00e8ge Social : 51 b rue d&#8217;Aubengue 62164 Ambleteuse Tel. : 0621254577 Email : conciergerie.ambleteuse@gmail.com Responsable de la publication : les clefs d&#8217;Ambleteuse Cr\u00e9ateur et h\u00e9bergement du site :OVH ModificationsEn acc\u00e9dant et en naviguant sur ce site, l&#8217;utilisateur est inform\u00e9 de ses droits [&hellip;]<\/p>\n","protected":false},"author":1,"featured_media":0,"parent":0,"menu_order":0,"comment_status":"closed","ping_status":"closed","template":"","meta":{"footnotes":""},"class_list":["post-16958","page","type-page","status-publish","hentry"],"yoast_head":"<!-- This site is optimized with the Yoast SEO plugin v22.9 - https:\/\/yoast.com\/wordpress\/plugins\/seo\/ -->\n<title>Mentions l\u00e9gales - Les clefs d&#039;Ambleteuse<\/title>\n<meta name=\"robots\" content=\"index, follow, max-snippet:-1, max-image-preview:large, max-video-preview:-1\" \/>\n<link rel=\"canonical\" href=\"https:\/\/lesclefsdambleteuse.fr\/?page_id=16958\" \/>\n<meta property=\"og:locale\" content=\"en_US\" \/>\n<meta property=\"og:type\" content=\"article\" \/>\n<meta property=\"og:title\" content=\"Mentions l\u00e9gales - Les clefs d&#039;Ambleteuse\" \/>\n<meta property=\"og:description\" content=\"Le site web www.lesclefsdambleteuse.fr est la propri\u00e9t\u00e9 de lesclefsdambleteuse (Siren \/siret 837886522) Si\u00e8ge Social : 51 b rue d&#8217;Aubengue 62164 Ambleteuse Tel. : 0621254577 Email : conciergerie.ambleteuse@gmail.com Responsable de la publication : les clefs d&#8217;Ambleteuse Cr\u00e9ateur et h\u00e9bergement du site :OVH ModificationsEn acc\u00e9dant et en naviguant sur ce site, l&#8217;utilisateur est inform\u00e9 de ses droits [&hellip;]\" \/>\n<meta property=\"og:url\" content=\"https:\/\/lesclefsdambleteuse.fr\/?page_id=16958\" \/>\n<meta property=\"og:site_name\" content=\"Les clefs d&#039;Ambleteuse\" \/>\n<meta property=\"article:modified_time\" content=\"2024-08-04T09:21:16+00:00\" \/>\n<meta name=\"twitter:card\" content=\"summary_large_image\" \/>\n<meta name=\"twitter:label1\" content=\"Est. reading time\" \/>\n\t<meta name=\"twitter:data1\" content=\"3 minutes\" \/>\n<script type=\"application\/ld+json\" class=\"yoast-schema-graph\">{\"@context\":\"https:\/\/schema.org\",\"@graph\":[{\"@type\":\"WebPage\",\"@id\":\"https:\/\/lesclefsdambleteuse.fr\/?page_id=16958\",\"url\":\"https:\/\/lesclefsdambleteuse.fr\/?page_id=16958\",\"name\":\"Mentions l\u00e9gales - Les clefs d&#039;Ambleteuse\",\"isPartOf\":{\"@id\":\"https:\/\/lesclefsdambleteuse.fr\/#website\"},\"datePublished\":\"2024-08-04T09:12:47+00:00\",\"dateModified\":\"2024-08-04T09:21:16+00:00\",\"breadcrumb\":{\"@id\":\"https:\/\/lesclefsdambleteuse.fr\/?page_id=16958#breadcrumb\"},\"inLanguage\":\"en-US\",\"potentialAction\":[{\"@type\":\"ReadAction\",\"target\":[\"https:\/\/lesclefsdambleteuse.fr\/?page_id=16958\"]}]},{\"@type\":\"BreadcrumbList\",\"@id\":\"https:\/\/lesclefsdambleteuse.fr\/?page_id=16958#breadcrumb\",\"itemListElement\":[{\"@type\":\"ListItem\",\"position\":1,\"name\":\"Accueil\",\"item\":\"https:\/\/lesclefsdambleteuse.fr\/\"},{\"@type\":\"ListItem\",\"position\":2,\"name\":\"Mentions l\u00e9gales\"}]},{\"@type\":\"WebSite\",\"@id\":\"https:\/\/lesclefsdambleteuse.fr\/#website\",\"url\":\"https:\/\/lesclefsdambleteuse.fr\/\",\"name\":\"Les clefs d&#039;Ambleteuse\",\"description\":\"\",\"potentialAction\":[{\"@type\":\"SearchAction\",\"target\":{\"@type\":\"EntryPoint\",\"urlTemplate\":\"https:\/\/lesclefsdambleteuse.fr\/?s={search_term_string}\"},\"query-input\":\"required name=search_term_string\"}],\"inLanguage\":\"en-US\"}]}<\/script>\n<!-- \/ Yoast SEO plugin. -->","yoast_head_json":{"title":"Mentions l\u00e9gales - Les clefs d&#039;Ambleteuse","robots":{"index":"index","follow":"follow","max-snippet":"max-snippet:-1","max-image-preview":"max-image-preview:large","max-video-preview":"max-video-preview:-1"},"canonical":"https:\/\/lesclefsdambleteuse.fr\/?page_id=16958","og_locale":"en_US","og_type":"article","og_title":"Mentions l\u00e9gales - Les clefs d&#039;Ambleteuse","og_description":"Le site web www.lesclefsdambleteuse.fr est la propri\u00e9t\u00e9 de lesclefsdambleteuse (Siren \/siret 837886522) Si\u00e8ge Social : 51 b rue d&#8217;Aubengue 62164 Ambleteuse Tel. : 0621254577 Email : conciergerie.ambleteuse@gmail.com Responsable de la publication : les clefs d&#8217;Ambleteuse Cr\u00e9ateur et h\u00e9bergement du site :OVH ModificationsEn acc\u00e9dant et en naviguant sur ce site, l&#8217;utilisateur est inform\u00e9 de ses droits [&hellip;]","og_url":"https:\/\/lesclefsdambleteuse.fr\/?page_id=16958","og_site_name":"Les clefs d&#039;Ambleteuse","article_modified_time":"2024-08-04T09:21:16+00:00","twitter_card":"summary_large_image","twitter_misc":{"Est. reading time":"3 minutes"},"schema":{"@context":"https:\/\/schema.org","@graph":[{"@type":"WebPage","@id":"https:\/\/lesclefsdambleteuse.fr\/?page_id=16958","url":"https:\/\/lesclefsdambleteuse.fr\/?page_id=16958","name":"Mentions l\u00e9gales - Les clefs d&#039;Ambleteuse","isPartOf":{"@id":"https:\/\/lesclefsdambleteuse.fr\/#website"},"datePublished":"2024-08-04T09:12:47+00:00","dateModified":"2024-08-04T09:21:16+00:00","breadcrumb":{"@id":"https:\/\/lesclefsdambleteuse.fr\/?page_id=16958#breadcrumb"},"inLanguage":"en-US","potentialAction":[{"@type":"ReadAction","target":["https:\/\/lesclefsdambleteuse.fr\/?page_id=16958"]}]},{"@type":"BreadcrumbList","@id":"https:\/\/lesclefsdambleteuse.fr\/?page_id=16958#breadcrumb","itemListElement":[{"@type":"ListItem","position":1,"name":"Accueil","item":"https:\/\/lesclefsdambleteuse.fr\/"},{"@type":"ListItem","position":2,"name":"Mentions l\u00e9gales"}]},{"@type":"WebSite","@id":"https:\/\/lesclefsdambleteuse.fr\/#website","url":"https:\/\/lesclefsdambleteuse.fr\/","name":"Les clefs d&#039;Ambleteuse","description":"","potentialAction":[{"@type":"SearchAction","target":{"@type":"EntryPoint","urlTemplate":"https:\/\/lesclefsdambleteuse.fr\/?s={search_term_string}"},"query-input":"required name=search_term_string"}],"inLanguage":"en-US"}]}},"_links":{"self":[{"href":"https:\/\/lesclefsdambleteuse.fr\/index.php?rest_route=\/wp\/v2\/pages\/16958","targetHints":{"allow":["GET"]}}],"collection":[{"href":"https:\/\/lesclefsdambleteuse.fr\/index.php?rest_route=\/wp\/v2\/pages"}],"about":[{"href":"https:\/\/lesclefsdambleteuse.fr\/index.php?rest_route=\/wp\/v2\/types\/page"}],"author":[{"embeddable":true,"href":"https:\/\/lesclefsdambleteuse.fr\/index.php?rest_route=\/wp\/v2\/users\/1"}],"replies":[{"embeddable":true,"href":"https:\/\/lesclefsdambleteuse.fr\/index.php?rest_route=%2Fwp%2Fv2%2Fcomments&post=16958"}],"version-history":[{"count":4,"href":"https:\/\/lesclefsdambleteuse.fr\/index.php?rest_route=\/wp\/v2\/pages\/16958\/revisions"}],"predecessor-version":[{"id":16963,"href":"https:\/\/lesclefsdambleteuse.fr\/index.php?rest_route=\/wp\/v2\/pages\/16958\/revisions\/16963"}],"wp:attachment":[{"href":"https:\/\/lesclefsdambleteuse.fr\/index.php?rest_route=%2Fwp%2Fv2%2Fmedia&parent=16958"}],"curies":[{"name":"wp","href":"https:\/\/api.w.org\/{rel}","templated":true}]}}